{"id":1544,"date":"2024-02-21T17:54:01","date_gmt":"2024-02-21T16:54:01","guid":{"rendered":"https:\/\/polesantesaintdie.fr\/?page_id=1544"},"modified":"2026-04-09T21:31:35","modified_gmt":"2026-04-09T19:31:35","slug":"revire-marine","status":"publish","type":"page","link":"https:\/\/polesantesaintdie.fr\/?page_id=1544","title":{"rendered":"REVIRE MARINE"},"content":{"rendered":"\t\t<div data-elementor-type=\"wp-page\" data-elementor-id=\"1544\" class=\"elementor elementor-1544\">\n\t\t\t\t\t\t<div class=\"elementor-inner\">\n\t\t\t\t<div class=\"elementor-section-wrap\">\n\t\t\t\t\t\t\t\t\t<section class=\"elementor-section elementor-top-section elementor-element elementor-element-d1ddc92 elementor-section-boxed elementor-section-height-default elementor-section-height-default\" data-id=\"d1ddc92\" data-element_type=\"section\">\n\t\t\t\t\t\t<div class=\"elementor-container elementor-column-gap-default\">\n\t\t\t\t\t\t\t<div class=\"elementor-row\">\n\t\t\t\t\t<div class=\"elementor-column elementor-col-100 elementor-top-column elementor-element elementor-element-0bc9db1\" data-id=\"0bc9db1\" data-element_type=\"column\">\n\t\t\t<div class=\"elementor-column-wrap elementor-element-populated\">\n\t\t\t\t\t\t\t<div class=\"elementor-widget-wrap\">\n\t\t\t\t\t\t<div class=\"elementor-element elementor-element-b5b074d elementor-widget elementor-widget-text-editor\" data-id=\"b5b074d\" data-element_type=\"widget\" data-widget_type=\"text-editor.default\">\n\t\t\t\t<div class=\"elementor-widget-container\">\n\t\t\t\t\t\t\t\t<div class=\"elementor-text-editor elementor-clearfix\">\n\t\t\t\t<div class=\"msg-body P_wpofO mq_AS\" data-test-id=\"message-view-body-content\"><div class=\"jb_0 X_6MGW N_6Fd5\"><div dir=\"ltr\"><div dir=\"ltr\">Ost\u00e9opathe D.O, dipl\u00f4m\u00e9e par le Coll\u00e8ge Ost\u00e9opathique de Strasbourg, garantissant une formation continue en 5 ann\u00e9es agr\u00e9e par le Minist\u00e8re de Sant\u00e9.<\/div><div dir=\"ltr\">\u00a0<\/div><div dir=\"ltr\">Install\u00e9e au p\u00f4le Sant\u00e9 &amp; Bien-\u00eatre d\u00e8s l\u2019obtention de mon dipl\u00f4me en 2023. Je consulte au cabinet, mais aussi avec l\u2019ost\u00e9obus. <\/div><div dir=\"ltr\">\u00a0<\/div><div dir=\"ltr\">Passionn\u00e9e et bienveillante, je pratique l\u2019ost\u00e9opathie de mani\u00e8re douce en restant \u00e0 l\u2019\u00e9coute de vos attentes, et de vos ressentis. <\/div><div dir=\"ltr\">Je re\u00e7ois en consultation tout public : du nourrisson, \u00e0 la personne plus \u00e2g\u00e9e, en passant par le sportif et la femme enceinte. <\/div><div dir=\"ltr\">\u00a0<\/div><div dir=\"ltr\">Formations compl\u00e9mentaires : <\/div><div dir=\"ltr\">&#8211; Prise en charge de la femme enceinte, &amp; en post partum, anim\u00e9e par Catherine RYBUS. 2023 <\/div><div dir=\"ltr\">&#8211; Ost\u00e9opathie P\u00e9diatrique pratique et ludique de la naissance \u00e0 la marche libre ( 0-18 mois) anim\u00e9e par Isabelle TOUSCH. 2024<\/div><div dir=\"ltr\">\u00a0<\/div><div dir=\"ltr\">Au plaisir de vous recevoir en consultation,\u00a0<\/div><\/div><\/div><\/div>\t\t\t\t\t<\/div>\n\t\t\t\t\t\t<\/div>\n\t\t\t\t<\/div>\n\t\t\t\t\t\t<\/div>\n\t\t\t\t\t<\/div>\n\t\t<\/div>\n\t\t\t\t\t\t\t\t<\/div>\n\t\t\t\t\t<\/div>\n\t\t<\/section>\n\t\t\t\t<section class=\"elementor-section elementor-top-section elementor-element elementor-element-90a4011 elementor-section-boxed elementor-section-height-default elementor-section-height-default\" data-id=\"90a4011\" data-element_type=\"section\">\n\t\t\t\t\t\t<div class=\"elementor-container elementor-column-gap-default\">\n\t\t\t\t\t\t\t<div class=\"elementor-row\">\n\t\t\t\t\t<div class=\"elementor-column elementor-col-50 elementor-top-column elementor-element elementor-element-4bed28a\" data-id=\"4bed28a\" data-element_type=\"column\">\n\t\t\t<div class=\"elementor-column-wrap elementor-element-populated\">\n\t\t\t\t\t\t\t<div class=\"elementor-widget-wrap\">\n\t\t\t\t\t\t<div class=\"elementor-element elementor-element-bc89348 elementor-widget elementor-widget-text-editor\" data-id=\"bc89348\" data-element_type=\"widget\" data-widget_type=\"text-editor.default\">\n\t\t\t\t<div class=\"elementor-widget-container\">\n\t\t\t\t\t\t\t\t<div class=\"elementor-text-editor elementor-clearfix\">\n\t\t\t\t<p style=\"border: #c1c1c1 1px solid; text-align: center; font-size: 30px; margin-bottom: 2px;\">Contact<\/p>\n<p style=\"border: #c1c1c1 1px solid; text-align: center; font-size: 16px; padding: 20px;\">Pour toute question ou prise de rdv n\u2019h\u00e9sitez pas \u00e0 me contacter au\n06.58.35.97.14<br \/>\n<a href=\"https:\/\/www.doctolib.fr\/osteopathe\/saint-die-des-vosges\/marine-revire\" target=\"_blank\" rel=\"nofollow noopener\">\n<img src=\"https:\/\/polesantesaintdie.fr\/wp-content\/uploads\/2020\/12\/doctolib.png\" width=\"30px\" \/>\n<span style=\"font-size: 14px;\">Prendre un rendez-vous sur Doctolib<\/span><\/a><\/p>\t\t\t\t\t<\/div>\n\t\t\t\t\t\t<\/div>\n\t\t\t\t<\/div>\n\t\t\t\t\t\t<\/div>\n\t\t\t\t\t<\/div>\n\t\t<\/div>\n\t\t\t\t<div class=\"elementor-column elementor-col-50 elementor-top-column elementor-element elementor-element-45ec2bf\" data-id=\"45ec2bf\" data-element_type=\"column\">\n\t\t\t<div class=\"elementor-column-wrap elementor-element-populated\">\n\t\t\t\t\t\t\t<div class=\"elementor-widget-wrap\">\n\t\t\t\t\t\t<div class=\"elementor-element elementor-element-d311a83 elementor-widget elementor-widget-text-editor\" data-id=\"d311a83\" data-element_type=\"widget\" data-widget_type=\"text-editor.default\">\n\t\t\t\t<div class=\"elementor-widget-container\">\n\t\t\t\t\t\t\t\t<div class=\"elementor-text-editor elementor-clearfix\">\n\t\t\t\t<p style=\"border: #c1c1c1 1px solid; text-align: center; font-size: 30px; margin-bottom: 2px;\">Tarif<\/p>\n<p style=\"border: #c1c1c1 1px solid; text-align: center; font-size: 16px; padding: 20px;\">58 \u20ac la s\u00e9ance<\/p>\t\t\t\t\t<\/div>\n\t\t\t\t\t\t<\/div>\n\t\t\t\t<\/div>\n\t\t\t\t\t\t<\/div>\n\t\t\t\t\t<\/div>\n\t\t<\/div>\n\t\t\t\t\t\t\t\t<\/div>\n\t\t\t\t\t<\/div>\n\t\t<\/section>\n\t\t\t\t\t\t\t\t\t<\/div>\n\t\t\t<\/div>\n\t\t\t\t\t<\/div>\n\t\t","protected":false},"excerpt":{"rendered":"<p>Ost\u00e9opathe D.O, dipl\u00f4m\u00e9e par le Coll\u00e8ge Ost\u00e9opathique de Strasbourg, garantissant une formation continue en 5 ann\u00e9es agr\u00e9e par le Minist\u00e8re de Sant\u00e9.\u00a0Install\u00e9e au p\u00f4le Sant\u00e9 &amp; Bien-\u00eatre d\u00e8s l\u2019obtention de mon dipl\u00f4me en 2023. Je consulte au cabinet, mais aussi avec l\u2019ost\u00e9obus. \u00a0Passionn\u00e9e et bienveillante, je pratique l\u2019ost\u00e9opathie de mani\u00e8re douce en restant \u00e0 l\u2019\u00e9coute <\/p>\n<div class=\"read-more-text\"><a href=\"https:\/\/polesantesaintdie.fr\/?page_id=1544\" class=\"readmore\">read more<\/a><\/div>\n","protected":false},"author":1,"featured_media":0,"parent":0,"menu_order":0,"comment_status":"closed","ping_status":"closed","template":"","meta":[],"yoast_head":"<!-- This site is optimized with the Yoast SEO plugin v15.8 - https:\/\/yoast.com\/wordpress\/plugins\/seo\/ -->\n<title>REVIRE MARINE -<\/title>\n<meta name=\"robots\" content=\"index, follow, max-snippet:-1, max-image-preview:large, max-video-preview:-1\" \/>\n<link rel=\"canonical\" href=\"https:\/\/polesantesaintdie.fr\/?page_id=1544\" \/>\n<meta property=\"og:locale\" content=\"fr_FR\" \/>\n<meta property=\"og:type\" content=\"article\" \/>\n<meta property=\"og:title\" content=\"REVIRE MARINE -\" \/>\n<meta property=\"og:description\" content=\"Ost\u00e9opathe D.O, dipl\u00f4m\u00e9e par le Coll\u00e8ge Ost\u00e9opathique de Strasbourg, garantissant une formation continue en 5 ann\u00e9es agr\u00e9e par le Minist\u00e8re de Sant\u00e9.\u00a0Install\u00e9e au p\u00f4le Sant\u00e9 &amp; Bien-\u00eatre d\u00e8s l\u2019obtention de mon dipl\u00f4me en 2023. Je consulte au cabinet, mais aussi avec l\u2019ost\u00e9obus. \u00a0Passionn\u00e9e et bienveillante, je pratique l\u2019ost\u00e9opathie de mani\u00e8re douce en restant \u00e0 l\u2019\u00e9coute read more\" \/>\n<meta property=\"og:url\" content=\"https:\/\/polesantesaintdie.fr\/?page_id=1544\" \/>\n<meta property=\"article:publisher\" content=\"https:\/\/www.facebook.com\/pages\/category\/Health-Beauty\/P%c3%b4le-sant%c3%a9-et-bien-%c3%aatre-Saint-Di%c3%a9-des-Vosges-101476071573629\/\" \/>\n<meta property=\"article:modified_time\" content=\"2026-04-09T19:31:35+00:00\" \/>\n<meta property=\"og:image\" content=\"https:\/\/polesantesaintdie.fr\/wp-content\/uploads\/2020\/12\/doctolib.png\" \/>\n<meta name=\"twitter:card\" content=\"summary_large_image\" \/>\n<meta name=\"twitter:label1\" content=\"Dur\u00e9e de lecture est.\">\n\t<meta name=\"twitter:data1\" content=\"1 minute\">\n<script type=\"application\/ld+json\" class=\"yoast-schema-graph\">{\"@context\":\"https:\/\/schema.org\",\"@graph\":[{\"@type\":\"Organization\",\"@id\":\"https:\/\/polesantesaintdie.fr\/#organization\",\"name\":\"Le p\\u00f4le Sant\\u00e9 & Bien-\\u00eatre de Saint-Di\\u00e9\",\"url\":\"https:\/\/polesantesaintdie.fr\/\",\"sameAs\":[\"https:\/\/www.facebook.com\/pages\/category\/Health-Beauty\/P\\u00f4le-sant\\u00e9-et-bien-\\u00eatre-Saint-Di\\u00e9-des-Vosges-101476071573629\/\"],\"logo\":{\"@type\":\"ImageObject\",\"@id\":\"https:\/\/polesantesaintdie.fr\/#logo\",\"inLanguage\":\"fr-FR\",\"url\":\"https:\/\/polesantesaintdie.fr\/wp-content\/uploads\/2020\/11\/logo-1.png\",\"width\":329,\"height\":218,\"caption\":\"Le p\\u00f4le Sant\\u00e9 & Bien-\\u00eatre de Saint-Di\\u00e9\"},\"image\":{\"@id\":\"https:\/\/polesantesaintdie.fr\/#logo\"}},{\"@type\":\"WebSite\",\"@id\":\"https:\/\/polesantesaintdie.fr\/#website\",\"url\":\"https:\/\/polesantesaintdie.fr\/\",\"name\":\"\",\"description\":\"Le p\\u00f4le Sant\\u00e9 &amp; Bien-\\u00eatre de Saint-Di\\u00e9\",\"publisher\":{\"@id\":\"https:\/\/polesantesaintdie.fr\/#organization\"},\"potentialAction\":[{\"@type\":\"SearchAction\",\"target\":\"https:\/\/polesantesaintdie.fr\/?s={search_term_string}\",\"query-input\":\"required name=search_term_string\"}],\"inLanguage\":\"fr-FR\"},{\"@type\":\"ImageObject\",\"@id\":\"https:\/\/polesantesaintdie.fr\/?page_id=1544#primaryimage\",\"inLanguage\":\"fr-FR\",\"url\":\"https:\/\/polesantesaintdie.fr\/wp-content\/uploads\/2020\/12\/doctolib.png\"},{\"@type\":\"WebPage\",\"@id\":\"https:\/\/polesantesaintdie.fr\/?page_id=1544#webpage\",\"url\":\"https:\/\/polesantesaintdie.fr\/?page_id=1544\",\"name\":\"REVIRE MARINE -\",\"isPartOf\":{\"@id\":\"https:\/\/polesantesaintdie.fr\/#website\"},\"primaryImageOfPage\":{\"@id\":\"https:\/\/polesantesaintdie.fr\/?page_id=1544#primaryimage\"},\"datePublished\":\"2024-02-21T16:54:01+00:00\",\"dateModified\":\"2026-04-09T19:31:35+00:00\",\"breadcrumb\":{\"@id\":\"https:\/\/polesantesaintdie.fr\/?page_id=1544#breadcrumb\"},\"inLanguage\":\"fr-FR\",\"potentialAction\":[{\"@type\":\"ReadAction\",\"target\":[\"https:\/\/polesantesaintdie.fr\/?page_id=1544\"]}]},{\"@type\":\"BreadcrumbList\",\"@id\":\"https:\/\/polesantesaintdie.fr\/?page_id=1544#breadcrumb\",\"itemListElement\":[{\"@type\":\"ListItem\",\"position\":1,\"item\":{\"@type\":\"WebPage\",\"@id\":\"https:\/\/polesantesaintdie.fr\/\",\"url\":\"https:\/\/polesantesaintdie.fr\/\",\"name\":\"Accueil\"}},{\"@type\":\"ListItem\",\"position\":2,\"item\":{\"@type\":\"WebPage\",\"@id\":\"https:\/\/polesantesaintdie.fr\/?page_id=1544\",\"url\":\"https:\/\/polesantesaintdie.fr\/?page_id=1544\",\"name\":\"REVIRE MARINE\"}}]}]}<\/script>\n<!-- \/ Yoast SEO plugin. -->","_links":{"self":[{"href":"https:\/\/polesantesaintdie.fr\/index.php?rest_route=\/wp\/v2\/pages\/1544"}],"collection":[{"href":"https:\/\/polesantesaintdie.fr\/index.php?rest_route=\/wp\/v2\/pages"}],"about":[{"href":"https:\/\/polesantesaintdie.fr\/index.php?rest_route=\/wp\/v2\/types\/page"}],"author":[{"embeddable":true,"href":"https:\/\/polesantesaintdie.fr\/index.php?rest_route=\/wp\/v2\/users\/1"}],"replies":[{"embeddable":true,"href":"https:\/\/polesantesaintdie.fr\/index.php?rest_route=%2Fwp%2Fv2%2Fcomments&post=1544"}],"version-history":[{"count":7,"href":"https:\/\/polesantesaintdie.fr\/index.php?rest_route=\/wp\/v2\/pages\/1544\/revisions"}],"predecessor-version":[{"id":1745,"href":"https:\/\/polesantesaintdie.fr\/index.php?rest_route=\/wp\/v2\/pages\/1544\/revisions\/1745"}],"wp:attachment":[{"href":"https:\/\/polesantesaintdie.fr\/index.php?rest_route=%2Fwp%2Fv2%2Fmedia&parent=1544"}],"curies":[{"name":"wp","href":"https:\/\/api.w.org\/{rel}","templated":true}]}}