{"id":1538,"date":"2024-02-21T17:44:42","date_gmt":"2024-02-21T16:44:42","guid":{"rendered":"https:\/\/polesantesaintdie.fr\/?page_id=1538"},"modified":"2024-02-21T17:46:46","modified_gmt":"2024-02-21T16:46:46","slug":"lienard-cindy","status":"publish","type":"page","link":"https:\/\/polesantesaintdie.fr\/?page_id=1538","title":{"rendered":"LIENARD CINDY"},"content":{"rendered":"\t\t<div data-elementor-type=\"wp-page\" data-elementor-id=\"1538\" class=\"elementor elementor-1538\">\n\t\t\t\t\t\t<div class=\"elementor-inner\">\n\t\t\t\t<div class=\"elementor-section-wrap\">\n\t\t\t\t\t\t\t\t\t<section class=\"elementor-section elementor-top-section elementor-element elementor-element-102b245 elementor-section-boxed elementor-section-height-default elementor-section-height-default\" data-id=\"102b245\" data-element_type=\"section\">\n\t\t\t\t\t\t<div class=\"elementor-container elementor-column-gap-default\">\n\t\t\t\t\t\t\t<div class=\"elementor-row\">\n\t\t\t\t\t<div class=\"elementor-column elementor-col-100 elementor-top-column elementor-element elementor-element-8cbc0c5\" data-id=\"8cbc0c5\" data-element_type=\"column\">\n\t\t\t<div class=\"elementor-column-wrap elementor-element-populated\">\n\t\t\t\t\t\t\t<div class=\"elementor-widget-wrap\">\n\t\t\t\t\t\t<div class=\"elementor-element elementor-element-316ba88 elementor-widget elementor-widget-text-editor\" data-id=\"316ba88\" data-element_type=\"widget\" data-widget_type=\"text-editor.default\">\n\t\t\t\t<div class=\"elementor-widget-container\">\n\t\t\t\t\t\t\t\t<div class=\"elementor-text-editor elementor-clearfix\">\n\t\t\t\t<div class=\"msg-body P_wpofO mq_AS\" data-test-id=\"message-view-body-content\"><div class=\"jb_0 X_6MGW N_6Fd5\"><div dir=\"ltr\">A titre personnel, j\u2019adore le sport de fa\u00e7on g\u00e9n\u00e9rale, depuis mon plus jeune \u00e2ge, j\u2019exerce diverses activit\u00e9s physiques, et pratique la musculation depuis 2005. En 2018, je me lance dans le culturisme.<\/div><div dir=\"ltr\">\u00a0<\/div><div dir=\"ltr\">\u00c0 titre professionnel, en 2002, je d\u00e9bute dans l\u2019industrie automobile. En 2007, je m\u2019engage dans l\u2019arm\u00e9e de l\u2019air en tant que fusilier. En 2013, je poursuis en papeterie. En 2019 , j\u2019obtiens mon dipl\u00f4me de coach sportif, mention cours collectifs et musculation. <\/div><div dir=\"ltr\">Actuellement, salari\u00e9e \u00e0 tiers temps, en tant que professeur de fitness, je suis auto entrepreneur en parall\u00e8le, en tant que coach personnel. En 2023, j\u2019int\u00e8gre le P\u00f4le sant\u00e9 et bien-\u00eatre.<\/div><div dir=\"ltr\">\u00a0<\/div><div dir=\"ltr\">Je me pr\u00e9sente au seins de l\u2019\u00e9quipe, pour vous accompagner dans vos choix, vous guidez lors de vos s\u00e9ances, et vous soutenir vers vos objectifs.<\/div><\/div><\/div>\t\t\t\t\t<\/div>\n\t\t\t\t\t\t<\/div>\n\t\t\t\t<\/div>\n\t\t\t\t\t\t<\/div>\n\t\t\t\t\t<\/div>\n\t\t<\/div>\n\t\t\t\t\t\t\t\t<\/div>\n\t\t\t\t\t<\/div>\n\t\t<\/section>\n\t\t\t\t<section class=\"elementor-section elementor-top-section elementor-element elementor-element-2c7d530 elementor-section-boxed elementor-section-height-default elementor-section-height-default\" data-id=\"2c7d530\" data-element_type=\"section\">\n\t\t\t\t\t\t<div class=\"elementor-container elementor-column-gap-default\">\n\t\t\t\t\t\t\t<div class=\"elementor-row\">\n\t\t\t\t\t<div class=\"elementor-column elementor-col-100 elementor-top-column elementor-element elementor-element-7bb8879\" data-id=\"7bb8879\" data-element_type=\"column\">\n\t\t\t<div class=\"elementor-column-wrap elementor-element-populated\">\n\t\t\t\t\t\t\t<div class=\"elementor-widget-wrap\">\n\t\t\t\t\t\t<section class=\"elementor-section elementor-inner-section elementor-element elementor-element-711c544 elementor-section-boxed elementor-section-height-default elementor-section-height-default\" data-id=\"711c544\" data-element_type=\"section\">\n\t\t\t\t\t\t<div class=\"elementor-container elementor-column-gap-default\">\n\t\t\t\t\t\t\t<div class=\"elementor-row\">\n\t\t\t\t\t<div class=\"elementor-column elementor-col-50 elementor-inner-column elementor-element elementor-element-59e7f8a\" data-id=\"59e7f8a\" data-element_type=\"column\">\n\t\t\t<div class=\"elementor-column-wrap elementor-element-populated\">\n\t\t\t\t\t\t\t<div class=\"elementor-widget-wrap\">\n\t\t\t\t\t\t<div class=\"elementor-element elementor-element-785da2a elementor-widget elementor-widget-text-editor\" data-id=\"785da2a\" data-element_type=\"widget\" data-widget_type=\"text-editor.default\">\n\t\t\t\t<div class=\"elementor-widget-container\">\n\t\t\t\t\t\t\t\t<div class=\"elementor-text-editor elementor-clearfix\">\n\t\t\t\t<p style=\"border: #c1c1c1 1px solid; text-align: center; font-size: 30px; margin-bottom: 2px;\">Contact<\/p><p style=\"border: #c1c1c1 1px solid; text-align: center; font-size: 16px; padding: 20px;\">Pour toute question ou prise de rdv n\u2019h\u00e9sitez pas \u00e0 me contacter au<br \/>06.75.77.16.15<\/p><p>\u00a0<\/p>\t\t\t\t\t<\/div>\n\t\t\t\t\t\t<\/div>\n\t\t\t\t<\/div>\n\t\t\t\t\t\t<\/div>\n\t\t\t\t\t<\/div>\n\t\t<\/div>\n\t\t\t\t<div class=\"elementor-column elementor-col-50 elementor-inner-column elementor-element elementor-element-fca27bb\" data-id=\"fca27bb\" data-element_type=\"column\">\n\t\t\t<div class=\"elementor-column-wrap\">\n\t\t\t\t\t\t\t<div class=\"elementor-widget-wrap\">\n\t\t\t\t\t\t\t\t<\/div>\n\t\t\t\t\t<\/div>\n\t\t<\/div>\n\t\t\t\t\t\t\t\t<\/div>\n\t\t\t\t\t<\/div>\n\t\t<\/section>\n\t\t\t\t\t\t<\/div>\n\t\t\t\t\t<\/div>\n\t\t<\/div>\n\t\t\t\t\t\t\t\t<\/div>\n\t\t\t\t\t<\/div>\n\t\t<\/section>\n\t\t\t\t\t\t\t\t\t<\/div>\n\t\t\t<\/div>\n\t\t\t\t\t<\/div>\n\t\t","protected":false},"excerpt":{"rendered":"<p>A titre personnel, j\u2019adore le sport de fa\u00e7on g\u00e9n\u00e9rale, depuis mon plus jeune \u00e2ge, j\u2019exerce diverses activit\u00e9s physiques, et pratique la musculation depuis 2005. En 2018, je me lance dans le culturisme.\u00a0\u00c0 titre professionnel, en 2002, je d\u00e9bute dans l\u2019industrie automobile. En 2007, je m\u2019engage dans l\u2019arm\u00e9e de l\u2019air en tant que fusilier. En 2013, <\/p>\n<div class=\"read-more-text\"><a href=\"https:\/\/polesantesaintdie.fr\/?page_id=1538\" class=\"readmore\">read more<\/a><\/div>\n","protected":false},"author":1,"featured_media":0,"parent":0,"menu_order":0,"comment_status":"closed","ping_status":"closed","template":"","meta":[],"yoast_head":"<!-- This site is optimized with the Yoast SEO plugin v15.8 - https:\/\/yoast.com\/wordpress\/plugins\/seo\/ -->\n<title>LIENARD CINDY -<\/title>\n<meta name=\"robots\" content=\"index, follow, max-snippet:-1, max-image-preview:large, max-video-preview:-1\" \/>\n<link rel=\"canonical\" href=\"https:\/\/polesantesaintdie.fr\/?page_id=1538\" \/>\n<meta property=\"og:locale\" content=\"fr_FR\" \/>\n<meta property=\"og:type\" content=\"article\" \/>\n<meta property=\"og:title\" content=\"LIENARD CINDY -\" \/>\n<meta property=\"og:description\" content=\"A titre personnel, j\u2019adore le sport de fa\u00e7on g\u00e9n\u00e9rale, depuis mon plus jeune \u00e2ge, j\u2019exerce diverses activit\u00e9s physiques, et pratique la musculation depuis 2005. En 2018, je me lance dans le culturisme.\u00a0\u00c0 titre professionnel, en 2002, je d\u00e9bute dans l\u2019industrie automobile. En 2007, je m\u2019engage dans l\u2019arm\u00e9e de l\u2019air en tant que fusilier. En 2013, read more\" \/>\n<meta property=\"og:url\" content=\"https:\/\/polesantesaintdie.fr\/?page_id=1538\" \/>\n<meta property=\"article:publisher\" content=\"https:\/\/www.facebook.com\/pages\/category\/Health-Beauty\/P%c3%b4le-sant%c3%a9-et-bien-%c3%aatre-Saint-Di%c3%a9-des-Vosges-101476071573629\/\" \/>\n<meta property=\"article:modified_time\" content=\"2024-02-21T16:46:46+00:00\" \/>\n<meta name=\"twitter:card\" content=\"summary_large_image\" \/>\n<meta name=\"twitter:label1\" content=\"Dur\u00e9e de lecture est.\">\n\t<meta name=\"twitter:data1\" content=\"1 minute\">\n<script type=\"application\/ld+json\" class=\"yoast-schema-graph\">{\"@context\":\"https:\/\/schema.org\",\"@graph\":[{\"@type\":\"Organization\",\"@id\":\"https:\/\/polesantesaintdie.fr\/#organization\",\"name\":\"Le p\\u00f4le Sant\\u00e9 & Bien-\\u00eatre de Saint-Di\\u00e9\",\"url\":\"https:\/\/polesantesaintdie.fr\/\",\"sameAs\":[\"https:\/\/www.facebook.com\/pages\/category\/Health-Beauty\/P\\u00f4le-sant\\u00e9-et-bien-\\u00eatre-Saint-Di\\u00e9-des-Vosges-101476071573629\/\"],\"logo\":{\"@type\":\"ImageObject\",\"@id\":\"https:\/\/polesantesaintdie.fr\/#logo\",\"inLanguage\":\"fr-FR\",\"url\":\"https:\/\/polesantesaintdie.fr\/wp-content\/uploads\/2020\/11\/logo-1.png\",\"width\":329,\"height\":218,\"caption\":\"Le p\\u00f4le Sant\\u00e9 & Bien-\\u00eatre de Saint-Di\\u00e9\"},\"image\":{\"@id\":\"https:\/\/polesantesaintdie.fr\/#logo\"}},{\"@type\":\"WebSite\",\"@id\":\"https:\/\/polesantesaintdie.fr\/#website\",\"url\":\"https:\/\/polesantesaintdie.fr\/\",\"name\":\"\",\"description\":\"Le p\\u00f4le Sant\\u00e9 &amp; Bien-\\u00eatre de Saint-Di\\u00e9\",\"publisher\":{\"@id\":\"https:\/\/polesantesaintdie.fr\/#organization\"},\"potentialAction\":[{\"@type\":\"SearchAction\",\"target\":\"https:\/\/polesantesaintdie.fr\/?s={search_term_string}\",\"query-input\":\"required name=search_term_string\"}],\"inLanguage\":\"fr-FR\"},{\"@type\":\"WebPage\",\"@id\":\"https:\/\/polesantesaintdie.fr\/?page_id=1538#webpage\",\"url\":\"https:\/\/polesantesaintdie.fr\/?page_id=1538\",\"name\":\"LIENARD CINDY -\",\"isPartOf\":{\"@id\":\"https:\/\/polesantesaintdie.fr\/#website\"},\"datePublished\":\"2024-02-21T16:44:42+00:00\",\"dateModified\":\"2024-02-21T16:46:46+00:00\",\"breadcrumb\":{\"@id\":\"https:\/\/polesantesaintdie.fr\/?page_id=1538#breadcrumb\"},\"inLanguage\":\"fr-FR\",\"potentialAction\":[{\"@type\":\"ReadAction\",\"target\":[\"https:\/\/polesantesaintdie.fr\/?page_id=1538\"]}]},{\"@type\":\"BreadcrumbList\",\"@id\":\"https:\/\/polesantesaintdie.fr\/?page_id=1538#breadcrumb\",\"itemListElement\":[{\"@type\":\"ListItem\",\"position\":1,\"item\":{\"@type\":\"WebPage\",\"@id\":\"https:\/\/polesantesaintdie.fr\/\",\"url\":\"https:\/\/polesantesaintdie.fr\/\",\"name\":\"Accueil\"}},{\"@type\":\"ListItem\",\"position\":2,\"item\":{\"@type\":\"WebPage\",\"@id\":\"https:\/\/polesantesaintdie.fr\/?page_id=1538\",\"url\":\"https:\/\/polesantesaintdie.fr\/?page_id=1538\",\"name\":\"LIENARD CINDY\"}}]}]}<\/script>\n<!-- \/ Yoast SEO plugin. -->","_links":{"self":[{"href":"https:\/\/polesantesaintdie.fr\/index.php?rest_route=\/wp\/v2\/pages\/1538"}],"collection":[{"href":"https:\/\/polesantesaintdie.fr\/index.php?rest_route=\/wp\/v2\/pages"}],"about":[{"href":"https:\/\/polesantesaintdie.fr\/index.php?rest_route=\/wp\/v2\/types\/page"}],"author":[{"embeddable":true,"href":"https:\/\/polesantesaintdie.fr\/index.php?rest_route=\/wp\/v2\/users\/1"}],"replies":[{"embeddable":true,"href":"https:\/\/polesantesaintdie.fr\/index.php?rest_route=%2Fwp%2Fv2%2Fcomments&post=1538"}],"version-history":[{"count":4,"href":"https:\/\/polesantesaintdie.fr\/index.php?rest_route=\/wp\/v2\/pages\/1538\/revisions"}],"predecessor-version":[{"id":1542,"href":"https:\/\/polesantesaintdie.fr\/index.php?rest_route=\/wp\/v2\/pages\/1538\/revisions\/1542"}],"wp:attachment":[{"href":"https:\/\/polesantesaintdie.fr\/index.php?rest_route=%2Fwp%2Fv2%2Fmedia&parent=1538"}],"curies":[{"name":"wp","href":"https:\/\/api.w.org\/{rel}","templated":true}]}}

<div data-elementor-type="wp-page" data-elementor-id="1538" class="elementor elementor-1538">
						<div class="elementor-inner">
				<div class="elementor-section-wrap">
									<section class="elementor-section elementor-top-section elementor-element elementor-element-102b245 elementor-section-boxed elementor-section-height-default elementor-section-height-default" data-id="102b245" data-element_type="section">
						<div class="elementor-container elementor-column-gap-default">
							<div class="elementor-row">
					<div class="elementor-column elementor-col-100 elementor-top-column elementor-element elementor-element-8cbc0c5" data-id="8cbc0c5" data-element_type="column">
			<div class="elementor-column-wrap elementor-element-populated">
							<div class="elementor-widget-wrap">
						<div class="elementor-element elementor-element-316ba88 elementor-widget elementor-widget-text-editor" data-id="316ba88" data-element_type="widget" data-widget_type="text-editor.default">
				<div class="elementor-widget-container">
								<div class="elementor-text-editor elementor-clearfix">
				<div class="msg-body P_wpofO mq_AS" data-test-id="message-view-body-content"><div class="jb_0 X_6MGW N_6Fd5"><div dir="ltr">A titre personnel, j’adore le sport de façon générale, depuis mon plus jeune âge, j’exerce diverses activités physiques, et pratique la musculation depuis 2005. En 2018, je me lance dans le culturisme.</div><div dir="ltr"> </div><div dir="ltr">À titre professionnel, en 2002, je débute dans l’industrie automobile. En 2007, je m’engage dans l’armée de l’air en tant que fusilier. En 2013, je poursuis en papeterie. En 2019 , j’obtiens mon diplôme de coach sportif, mention cours collectifs et musculation. </div><div dir="ltr">Actuellement, salariée à tiers temps, en tant que professeur de fitness, je suis auto entrepreneur en parallèle, en tant que coach personnel. En 2023, j’intègre le Pôle santé et bien-être.</div><div dir="ltr"> </div><div dir="ltr">Je me présente au seins de l’équipe, pour vous accompagner dans vos choix, vous guidez lors de vos séances, et vous soutenir vers vos objectifs.</div></div></div>					</div>
						</div>
				</div>
						</div>
					</div>
		</div>
								</div>
					</div>
		</section>
				<section class="elementor-section elementor-top-section elementor-element elementor-element-2c7d530 elementor-section-boxed elementor-section-height-default elementor-section-height-default" data-id="2c7d530" data-element_type="section">
						<div class="elementor-container elementor-column-gap-default">
							<div class="elementor-row">
					<div class="elementor-column elementor-col-100 elementor-top-column elementor-element elementor-element-7bb8879" data-id="7bb8879" data-element_type="column">
			<div class="elementor-column-wrap elementor-element-populated">
							<div class="elementor-widget-wrap">
						<section class="elementor-section elementor-inner-section elementor-element elementor-element-711c544 elementor-section-boxed elementor-section-height-default elementor-section-height-default" data-id="711c544" data-element_type="section">
						<div class="elementor-container elementor-column-gap-default">
							<div class="elementor-row">
					<div class="elementor-column elementor-col-50 elementor-inner-column elementor-element elementor-element-59e7f8a" data-id="59e7f8a" data-element_type="column">
			<div class="elementor-column-wrap elementor-element-populated">
							<div class="elementor-widget-wrap">
						<div class="elementor-element elementor-element-785da2a elementor-widget elementor-widget-text-editor" data-id="785da2a" data-element_type="widget" data-widget_type="text-editor.default">
				<div class="elementor-widget-container">
								<div class="elementor-text-editor elementor-clearfix">
				<p style="border: #c1c1c1 1px solid; text-align: center; font-size: 30px; margin-bottom: 2px;">Contact</p><p style="border: #c1c1c1 1px solid; text-align: center; font-size: 16px; padding: 20px;">Pour toute question ou prise de rdv n’hésitez pas à me contacter au<br />06.75.77.16.15</p><p> </p>					</div>
						</div>
				</div>
						</div>
					</div>
		</div>
				<div class="elementor-column elementor-col-50 elementor-inner-column elementor-element elementor-element-fca27bb" data-id="fca27bb" data-element_type="column">
			<div class="elementor-column-wrap">
							<div class="elementor-widget-wrap">
								</div>
					</div>
		</div>
								</div>
					</div>
		</section>
						</div>
					</div>
		</div>
								</div>
					</div>
		</section>
									</div>
			</div>
					</div>

<p>A titre personnel, j’adore le sport de façon générale, depuis mon plus jeune âge, j’exerce diverses activités physiques, et pratique la musculation depuis 2005. En 2018, je me lance dans le culturisme. À titre professionnel, en 2002, je débute dans l’industrie automobile. En 2007, je m’engage dans l’armée de l’air en tant que fusilier. En 2013, </p>
<div class="read-more-text"><a href="https://polesantesaintdie.fr/?page_id=1538" class="readmore">read more</a></div>

<!-- This site is optimized with the Yoast SEO plugin v15.8 - https://yoast.com/wordpress/plugins/seo/ -->
<title>LIENARD CINDY -</title>
<meta name="robots" content="index, follow, max-snippet:-1, max-image-preview:large, max-video-preview:-1" />
<link rel="canonical" href="https://polesantesaintdie.fr/?page_id=1538" />
<meta property="og:locale" content="fr_FR" />
<meta property="og:type" content="article" />
<meta property="og:title" content="LIENARD CINDY -" />
<meta property="og:description" content="A titre personnel, j’adore le sport de façon générale, depuis mon plus jeune âge, j’exerce diverses activités physiques, et pratique la musculation depuis 2005. En 2018, je me lance dans le culturisme. À titre professionnel, en 2002, je débute dans l’industrie automobile. En 2007, je m’engage dans l’armée de l’air en tant que fusilier. En 2013, read more" />
<meta property="og:url" content="https://polesantesaintdie.fr/?page_id=1538" />
<meta property="article:publisher" content="https://www.facebook.com/pages/category/Health-Beauty/P%c3%b4le-sant%c3%a9-et-bien-%c3%aatre-Saint-Di%c3%a9-des-Vosges-101476071573629/" />
<meta property="article:modified_time" content="2024-02-21T16:46:46+00:00" />
<meta name="twitter:card" content="summary_large_image" />
<meta name="twitter:label1" content="Durée de lecture est.">
	<meta name="twitter:data1" content="1 minute">
<script type="application/ld+json" class="yoast-schema-graph">{"@context":"https://schema.org","@graph":[{"@type":"Organization","@id":"https://polesantesaintdie.fr/#organization","name":"Le p\u00f4le Sant\u00e9 & Bien-\u00eatre de Saint-Di\u00e9","url":"https://polesantesaintdie.fr/","sameAs":["https://www.facebook.com/pages/category/Health-Beauty/P\u00f4le-sant\u00e9-et-bien-\u00eatre-Saint-Di\u00e9-des-Vosges-101476071573629/"],"logo":{"@type":"ImageObject","@id":"https://polesantesaintdie.fr/#logo","inLanguage":"fr-FR","url":"https://polesantesaintdie.fr/wp-content/uploads/2020/11/logo-1.png","width":329,"height":218,"caption":"Le p\u00f4le Sant\u00e9 & Bien-\u00eatre de Saint-Di\u00e9"},"image":{"@id":"https://polesantesaintdie.fr/#logo"}},{"@type":"WebSite","@id":"https://polesantesaintdie.fr/#website","url":"https://polesantesaintdie.fr/","name":"","description":"Le p\u00f4le Sant\u00e9 &amp; Bien-\u00eatre de Saint-Di\u00e9","publisher":{"@id":"https://polesantesaintdie.fr/#organization"},"potentialAction":[{"@type":"SearchAction","target":"https://polesantesaintdie.fr/?s={search_term_string}","query-input":"required name=search_term_string"}],"inLanguage":"fr-FR"},{"@type":"WebPage","@id":"https://polesantesaintdie.fr/?page_id=1538#webpage","url":"https://polesantesaintdie.fr/?page_id=1538","name":"LIENARD CINDY -","isPartOf":{"@id":"https://polesantesaintdie.fr/#website"},"datePublished":"2024-02-21T16:44:42+00:00","dateModified":"2024-02-21T16:46:46+00:00","breadcrumb":{"@id":"https://polesantesaintdie.fr/?page_id=1538#breadcrumb"},"inLanguage":"fr-FR","potentialAction":[{"@type":"ReadAction","target":["https://polesantesaintdie.fr/?page_id=1538"]}]},{"@type":"BreadcrumbList","@id":"https://polesantesaintdie.fr/?page_id=1538#breadcrumb","itemListElement":[{"@type":"ListItem","position":1,"item":{"@type":"WebPage","@id":"https://polesantesaintdie.fr/","url":"https://polesantesaintdie.fr/","name":"Accueil"}},{"@type":"ListItem","position":2,"item":{"@type":"WebPage","@id":"https://polesantesaintdie.fr/?page_id=1538","url":"https://polesantesaintdie.fr/?page_id=1538","name":"LIENARD CINDY"}}]}]}</script>
<!-- / Yoast SEO plugin. -->
