{"id":1390,"date":"2022-08-01T12:27:42","date_gmt":"2022-08-01T10:27:42","guid":{"rendered":"https:\/\/polesantesaintdie.fr\/?page_id=1390"},"modified":"2026-04-09T21:44:37","modified_gmt":"2026-04-09T19:44:37","slug":"le-studio-by-cryopole-saint-die","status":"publish","type":"page","link":"https:\/\/polesantesaintdie.fr\/?page_id=1390","title":{"rendered":"Electrostimulation"},"content":{"rendered":"\t\t<div data-elementor-type=\"wp-page\" data-elementor-id=\"1390\" class=\"elementor elementor-1390\">\n\t\t\t\t\t\t<div class=\"elementor-inner\">\n\t\t\t\t<div class=\"elementor-section-wrap\">\n\t\t\t\t\t\t\t\t\t<section class=\"elementor-section elementor-top-section elementor-element elementor-element-6517936 elementor-section-boxed elementor-section-height-default elementor-section-height-default\" data-id=\"6517936\" data-element_type=\"section\">\n\t\t\t\t\t\t<div class=\"elementor-container elementor-column-gap-default\">\n\t\t\t\t\t\t\t<div class=\"elementor-row\">\n\t\t\t\t\t<div class=\"elementor-column elementor-col-100 elementor-top-column elementor-element elementor-element-61e9ac2\" data-id=\"61e9ac2\" data-element_type=\"column\">\n\t\t\t<div class=\"elementor-column-wrap elementor-element-populated\">\n\t\t\t\t\t\t\t<div class=\"elementor-widget-wrap\">\n\t\t\t\t\t\t<section class=\"elementor-section elementor-inner-section elementor-element elementor-element-d2967da elementor-section-boxed elementor-section-height-default elementor-section-height-default\" data-id=\"d2967da\" data-element_type=\"section\">\n\t\t\t\t\t\t<div class=\"elementor-container elementor-column-gap-default\">\n\t\t\t\t\t\t\t<div class=\"elementor-row\">\n\t\t\t\t\t<div class=\"elementor-column elementor-col-50 elementor-inner-column elementor-element elementor-element-d5880ec\" data-id=\"d5880ec\" data-element_type=\"column\">\n\t\t\t<div class=\"elementor-column-wrap elementor-element-populated\">\n\t\t\t\t\t\t\t<div class=\"elementor-widget-wrap\">\n\t\t\t\t\t\t<div class=\"elementor-element elementor-element-b3af395 elementor-widget elementor-widget-text-editor\" data-id=\"b3af395\" data-element_type=\"widget\" data-widget_type=\"text-editor.default\">\n\t\t\t\t<div class=\"elementor-widget-container\">\n\t\t\t\t\t\t\t\t<div class=\"elementor-text-editor elementor-clearfix\">\n\t\t\t\t<p><span style=\"color: #333333; font-family: Roboto, Helvetica, Arial, Verdana, sans-serif;\">\u00a0<\/span><\/p><p><span style=\"color: #333333; font-family: Roboto, Helvetica, Arial, Verdana, sans-serif;\">\u00a0<\/span><\/p><p><span style=\"font-weight: var( --e-global-typography-text-font-weight ); color: #333333; font-family: Roboto, Helvetica, Arial, Verdana, sans-serif;\">Dans notre\u00a0<\/span><span style=\"padding: 0px; margin: 0px; font-weight: bold; color: #333333; font-family: Roboto, Helvetica, Arial, Verdana, sans-serif;\">studio d\u2019Electro Myo Stimulation (EMS) \u00e0 Saint-Di\u00e9<\/span><span style=\"font-weight: var( --e-global-typography-text-font-weight ); color: #333333; font-family: Roboto, Helvetica, Arial, Verdana, sans-serif;\">, nous\u00a0 faisons appel \u00e0 la technologie\u00a0<\/span><a style=\"font-weight: var( --e-global-typography-text-font-weight ); padding: 0px; margin: 0px; text-decoration-line: underline; color: var(--the7-links-color); font-family: Roboto, Helvetica, Arial, Verdana, sans-serif;\" title=\"Studio Miha Bodytec Paris 8\" href=\"https:\/\/www.elite-stimulation.com\/miha-bodytec\/\"><span style=\"padding: 0px; margin: 0px; font-weight: bold;\">Miha Bodytec<\/span><\/a><span style=\"font-weight: var( --e-global-typography-text-font-weight ); color: #333333; font-family: Roboto, Helvetica, Arial, Verdana, sans-serif;\">\u00a0pour stimuler tous vos muscles en profondeur.\u00a0<\/span><\/p><p><span style=\"color: #333333; font-family: Roboto, Helvetica, Arial, Verdana, sans-serif;\">En effectuant une\u00a0<\/span><span style=\"padding: 0px; margin: 0px; font-weight: bold; color: #333333; font-family: Roboto, Helvetica, Arial, Verdana, sans-serif;\">s\u00e9ance d\u2019\u00e9lectrostimulation de 20 minutes<\/span><span style=\"color: #333333; font-family: Roboto, Helvetica, Arial, Verdana, sans-serif;\">, c\u2019est comme si vous effectuez 4 heures de sport !\u00a0<\/span><\/p><p><span style=\"color: #333333; font-family: Roboto, Helvetica, Arial, Verdana, sans-serif;\">Un\u00a0<\/span><span style=\"padding: 0px; margin: 0px; font-weight: bold; color: #333333; font-family: Roboto, Helvetica, Arial, Verdana, sans-serif;\">coach sportif certifi\u00e9 et form\u00e9 \u00e0 l\u2019EMS<\/span><span style=\"color: #333333; font-family: Roboto, Helvetica, Arial, Verdana, sans-serif;\">\u00a0vous accompagnera pour vous aider \u00e0 atteindre vos objectifs.<\/span><\/p>\t\t\t\t\t<\/div>\n\t\t\t\t\t\t<\/div>\n\t\t\t\t<\/div>\n\t\t\t\t\t\t<\/div>\n\t\t\t\t\t<\/div>\n\t\t<\/div>\n\t\t\t\t<div class=\"elementor-column elementor-col-50 elementor-inner-column elementor-element elementor-element-c8b1819\" data-id=\"c8b1819\" data-element_type=\"column\">\n\t\t\t<div class=\"elementor-column-wrap elementor-element-populated\">\n\t\t\t\t\t\t\t<div class=\"elementor-widget-wrap\">\n\t\t\t\t\t\t<div class=\"elementor-element elementor-element-97f9b3d elementor-widget elementor-widget-image\" data-id=\"97f9b3d\" data-element_type=\"widget\" data-widget_type=\"image.default\">\n\t\t\t\t<div class=\"elementor-widget-container\">\n\t\t\t\t\t\t\t\t<div class=\"elementor-image\">\n\t\t\t\t\t\t\t\t\t\t\t\t<img width=\"300\" height=\"425\" src=\"https:\/\/polesantesaintdie.fr\/wp-content\/uploads\/2022\/08\/studio.jpg\" class=\"attachment-large size-large wp-image-1394\" alt=\"Le Studio by Cryop\u00f4le Saint-Di\u00e9\" loading=\"lazy\" srcset=\"https:\/\/polesantesaintdie.fr\/wp-content\/uploads\/2022\/08\/studio.jpg 300w, https:\/\/polesantesaintdie.fr\/wp-content\/uploads\/2022\/08\/studio-212x300.jpg 212w\" sizes=\"(max-width: 300px) 100vw, 300px\" \/>\t\t\t\t\t\t\t\t\t\t\t\t\t\t<\/div>\n\t\t\t\t\t\t<\/div>\n\t\t\t\t<\/div>\n\t\t\t\t\t\t<\/div>\n\t\t\t\t\t<\/div>\n\t\t<\/div>\n\t\t\t\t\t\t\t\t<\/div>\n\t\t\t\t\t<\/div>\n\t\t<\/section>\n\t\t\t\t\t\t<\/div>\n\t\t\t\t\t<\/div>\n\t\t<\/div>\n\t\t\t\t\t\t\t\t<\/div>\n\t\t\t\t\t<\/div>\n\t\t<\/section>\n\t\t\t\t<section class=\"elementor-section elementor-top-section elementor-element elementor-element-65eacc1 elementor-section-boxed elementor-section-height-default elementor-section-height-default\" data-id=\"65eacc1\" data-element_type=\"section\">\n\t\t\t\t\t\t<div class=\"elementor-container elementor-column-gap-default\">\n\t\t\t\t\t\t\t<div class=\"elementor-row\">\n\t\t\t\t\t<div class=\"elementor-column elementor-col-50 elementor-top-column elementor-element elementor-element-dd3051a\" data-id=\"dd3051a\" data-element_type=\"column\">\n\t\t\t<div class=\"elementor-column-wrap elementor-element-populated\">\n\t\t\t\t\t\t\t<div class=\"elementor-widget-wrap\">\n\t\t\t\t\t\t<div class=\"elementor-element elementor-element-2d5bd77 elementor-widget elementor-widget-image\" data-id=\"2d5bd77\" data-element_type=\"widget\" data-widget_type=\"image.default\">\n\t\t\t\t<div class=\"elementor-widget-container\">\n\t\t\t\t\t\t\t\t<div class=\"elementor-image\">\n\t\t\t\t\t\t\t\t\t\t\t\t<img width=\"300\" height=\"297\" src=\"https:\/\/polesantesaintdie.fr\/wp-content\/uploads\/2022\/08\/studio2.jpg\" class=\"attachment-large size-large wp-image-1395\" alt=\"Exercice Studio by Cryop\u00f4le Saint-Di\u00e9\" loading=\"lazy\" srcset=\"https:\/\/polesantesaintdie.fr\/wp-content\/uploads\/2022\/08\/studio2.jpg 300w, https:\/\/polesantesaintdie.fr\/wp-content\/uploads\/2022\/08\/studio2-150x150.jpg 150w\" sizes=\"(max-width: 300px) 100vw, 300px\" \/>\t\t\t\t\t\t\t\t\t\t\t\t\t\t<\/div>\n\t\t\t\t\t\t<\/div>\n\t\t\t\t<\/div>\n\t\t\t\t\t\t<\/div>\n\t\t\t\t\t<\/div>\n\t\t<\/div>\n\t\t\t\t<div class=\"elementor-column elementor-col-50 elementor-top-column elementor-element elementor-element-4a5ddfe\" data-id=\"4a5ddfe\" data-element_type=\"column\">\n\t\t\t<div class=\"elementor-column-wrap elementor-element-populated\">\n\t\t\t\t\t\t\t<div class=\"elementor-widget-wrap\">\n\t\t\t\t\t\t<div class=\"elementor-element elementor-element-f09a8b2 elementor-widget elementor-widget-text-editor\" data-id=\"f09a8b2\" data-element_type=\"widget\" data-widget_type=\"text-editor.default\">\n\t\t\t\t<div class=\"elementor-widget-container\">\n\t\t\t\t\t\t\t\t<div class=\"elementor-text-editor elementor-clearfix\">\n\t\t\t\t<p><span style=\"color: #333333; font-family: Roboto, Helvetica, Arial, Verdana, sans-serif;\">Comment se d\u00e9roulera votre s\u00e9ance ?<\/span><\/p><p><span style=\"color: #333333; font-family: Roboto, Helvetica, Arial, Verdana, sans-serif;\">&#8211; la s\u00e9ance commencera par un bilan avec prise d\u2019informations personnelles, objectifs, envies, et v\u00e9rification de non contre-indications.<\/span><\/p><p><span style=\"color: #333333; font-family: Roboto, Helvetica, Arial, Verdana, sans-serif;\">&#8211; puis passage au vestiaire pour mettre ses sous-v\u00eatements sp\u00e9cifiques GNESIS. Possibilit\u00e9 de pr\u00eat ou d\u2019achat pour la somme de 30\u20ac (offerts lors de l\u2019achat d\u2019une cure ).\u00a0<\/span><\/p><p><span style=\"color: #333333; font-family: Roboto, Helvetica, Arial, Verdana, sans-serif;\">&#8211; ensuite installation de la combinaison EMS GNESIS, combinaison disposant de 20 \u00e9lectrodes permettant de travailler un grand nombre de muscles ( abdominaux, fessiers, cuisses, dos, bras &#8230; )\u00a0<\/span><\/p>\t\t\t\t\t<\/div>\n\t\t\t\t\t\t<\/div>\n\t\t\t\t<\/div>\n\t\t\t\t\t\t<\/div>\n\t\t\t\t\t<\/div>\n\t\t<\/div>\n\t\t\t\t\t\t\t\t<\/div>\n\t\t\t\t\t<\/div>\n\t\t<\/section>\n\t\t\t\t<section class=\"elementor-section elementor-top-section elementor-element elementor-element-d5787fd elementor-section-boxed elementor-section-height-default elementor-section-height-default\" data-id=\"d5787fd\" data-element_type=\"section\">\n\t\t\t\t\t\t<div class=\"elementor-container elementor-column-gap-default\">\n\t\t\t\t\t\t\t<div class=\"elementor-row\">\n\t\t\t\t\t<div class=\"elementor-column elementor-col-50 elementor-top-column elementor-element elementor-element-77a646f\" data-id=\"77a646f\" data-element_type=\"column\">\n\t\t\t<div class=\"elementor-column-wrap elementor-element-populated\">\n\t\t\t\t\t\t\t<div class=\"elementor-widget-wrap\">\n\t\t\t\t\t\t<div class=\"elementor-element elementor-element-751e941 elementor-widget elementor-widget-text-editor\" data-id=\"751e941\" data-element_type=\"widget\" data-widget_type=\"text-editor.default\">\n\t\t\t\t<div class=\"elementor-widget-container\">\n\t\t\t\t\t\t\t\t<div class=\"elementor-text-editor elementor-clearfix\">\n\t\t\t\t<p><span style=\"color: #333333; font-family: Roboto, Helvetica, Arial, Verdana, sans-serif;\">&nbsp;<\/span><span style=\"color: rgb(51, 51, 51); font-family: Roboto, Helvetica, Arial, Verdana, sans-serif; font-weight: var( --e-global-typography-text-font-weight );\">La s\u00e9ance se d\u00e9roule individuellement ou accompagn\u00e9e d\u2019une autre personne mais toujours sous la supervision d\u2019un de nos coachs sportifs et en fonction des objectifs pr\u00e9d\u00e9finis. Elle dure 20 minutes&#8230; pour l\u2019effet de 4h de sport effectu\u00e9 !!<\/span><\/p>\n<p><span style=\"color: #333333; font-family: Roboto, Helvetica, Arial, Verdana, sans-serif;\">Notre combinaison GNESIS&#8230; notre force.<\/span><\/p>\n<p><span style=\"color: #333333; font-family: Roboto, Helvetica, Arial, Verdana, sans-serif;\">350 muscles utilis\u00e9s lors d\u2019une s\u00e9ance.<\/span><\/p>\n<p><span style=\"color: #333333; font-family: Roboto, Helvetica, Arial, Verdana, sans-serif;\">Pas de sangle, ni de fil&#8230; une libert\u00e9 de mouvement exceptionnelle.<\/span><\/p>\t\t\t\t\t<\/div>\n\t\t\t\t\t\t<\/div>\n\t\t\t\t<\/div>\n\t\t\t\t\t\t<\/div>\n\t\t\t\t\t<\/div>\n\t\t<\/div>\n\t\t\t\t<div class=\"elementor-column elementor-col-50 elementor-top-column elementor-element elementor-element-086ca75\" data-id=\"086ca75\" data-element_type=\"column\">\n\t\t\t<div class=\"elementor-column-wrap elementor-element-populated\">\n\t\t\t\t\t\t\t<div class=\"elementor-widget-wrap\">\n\t\t\t\t\t\t<div class=\"elementor-element elementor-element-f01ca31 elementor-widget elementor-widget-image\" data-id=\"f01ca31\" data-element_type=\"widget\" data-widget_type=\"image.default\">\n\t\t\t\t<div class=\"elementor-widget-container\">\n\t\t\t\t\t\t\t\t<div class=\"elementor-image\">\n\t\t\t\t\t\t\t\t\t\t\t\t<img width=\"300\" height=\"297\" src=\"https:\/\/polesantesaintdie.fr\/wp-content\/uploads\/2022\/08\/studio3-1.jpg\" class=\"attachment-large size-large wp-image-1419\" alt=\"Appareil Studio by Cryop\u00f4le Saint-Di\u00e9\" loading=\"lazy\" srcset=\"https:\/\/polesantesaintdie.fr\/wp-content\/uploads\/2022\/08\/studio3-1.jpg 300w, https:\/\/polesantesaintdie.fr\/wp-content\/uploads\/2022\/08\/studio3-1-150x150.jpg 150w\" sizes=\"(max-width: 300px) 100vw, 300px\" \/>\t\t\t\t\t\t\t\t\t\t\t\t\t\t<\/div>\n\t\t\t\t\t\t<\/div>\n\t\t\t\t<\/div>\n\t\t\t\t\t\t<\/div>\n\t\t\t\t\t<\/div>\n\t\t<\/div>\n\t\t\t\t\t\t\t\t<\/div>\n\t\t\t\t\t<\/div>\n\t\t<\/section>\n\t\t\t\t<section class=\"elementor-section elementor-top-section elementor-element elementor-element-cd83de1 elementor-section-boxed elementor-section-height-default elementor-section-height-default\" data-id=\"cd83de1\" data-element_type=\"section\">\n\t\t\t\t\t\t<div class=\"elementor-container elementor-column-gap-default\">\n\t\t\t\t\t\t\t<div class=\"elementor-row\">\n\t\t\t\t\t<div class=\"elementor-column elementor-col-50 elementor-top-column elementor-element elementor-element-85b8840\" data-id=\"85b8840\" data-element_type=\"column\">\n\t\t\t<div class=\"elementor-column-wrap elementor-element-populated\">\n\t\t\t\t\t\t\t<div class=\"elementor-widget-wrap\">\n\t\t\t\t\t\t<div class=\"elementor-element elementor-element-a9edb68 elementor-widget elementor-widget-text-editor\" data-id=\"a9edb68\" data-element_type=\"widget\" data-widget_type=\"text-editor.default\">\n\t\t\t\t<div class=\"elementor-widget-container\">\n\t\t\t\t\t\t\t\t<div class=\"elementor-text-editor elementor-clearfix\">\n\t\t\t\t<p style=\"border: #c1c1c1 1px solid; text-align: center; font-size: 30px; margin-bottom: 2px;\">Contacts<\/p>\n<p style=\"border: #c1c1c1 1px solid; text-align: center; font-size: 16px; padding: 20px;\">Pour toute question ou prise de RDV,\nn\u2019h\u00e9sitez pas \u00e0 me contacter au 07.49.06.87.17\n<br \/><br \/>\n<a style=\"background-color: #ffffff;\" href=\"https:\/\/www.facebook.com\/profile.php?id=100083030177213\" target=\"_blank\" rel=\"nofollow noopener\">\n<img src=\"https:\/\/polesantesaintdie.fr\/wp-content\/uploads\/2020\/12\/facebook.png\" width=\"30px\" \/>\u00a0<span style=\"font-size: 14px;\">Le Studio by Cryop\u00f4le Saint-Di\u00e9<\/span><\/a><br \/><br \/>\n\n\n<a href=\"https:\/\/www.planity.com\/pole-sante-et-bien-etre-cryopole-saint-die-des-vosges-88100\" target=\"_blank\" rel=\"noopener\">R\u00e9server en ligne, cliquez ici<\/a><\/p>\t\t\t\t\t<\/div>\n\t\t\t\t\t\t<\/div>\n\t\t\t\t<\/div>\n\t\t\t\t\t\t<\/div>\n\t\t\t\t\t<\/div>\n\t\t<\/div>\n\t\t\t\t<div class=\"elementor-column elementor-col-50 elementor-top-column elementor-element elementor-element-6f02544\" data-id=\"6f02544\" data-element_type=\"column\">\n\t\t\t<div class=\"elementor-column-wrap elementor-element-populated\">\n\t\t\t\t\t\t\t<div class=\"elementor-widget-wrap\">\n\t\t\t\t\t\t<div class=\"elementor-element elementor-element-3837ebf elementor-widget elementor-widget-text-editor\" data-id=\"3837ebf\" data-element_type=\"widget\" data-widget_type=\"text-editor.default\">\n\t\t\t\t<div class=\"elementor-widget-container\">\n\t\t\t\t\t\t\t\t<div class=\"elementor-text-editor elementor-clearfix\">\n\t\t\t\t<p style=\"margin-bottom: 2px; border: 1px solid #c1c1c1; text-align: center; font-size: 30px;\">Tarifs<\/p>\n<p style=\"border: 1px solid #c1c1c1; text-align: center; padding: 20px;\">S\u00e9ance d\u00e9couverte : 19 \u20ac<br \/>\nS\u00e9ance \u00e0 l\u2019unit\u00e9 : 39 \u20ac<br \/>\nCure de 10 s\u00e9ances : 380 \u20ac<br \/>\nCure de 20 s\u00e9ances : 620 \u20ac<br \/>\nCure de 40 s\u00e9ances : 990 \u20ac<br \/>\nPour les cures les sous-v\u00eatements Gnesis vous sont offerts !\n<\/p>\t\t\t\t\t<\/div>\n\t\t\t\t\t\t<\/div>\n\t\t\t\t<\/div>\n\t\t\t\t\t\t<\/div>\n\t\t\t\t\t<\/div>\n\t\t<\/div>\n\t\t\t\t\t\t\t\t<\/div>\n\t\t\t\t\t<\/div>\n\t\t<\/section>\n\t\t\t\t\t\t\t\t\t<\/div>\n\t\t\t<\/div>\n\t\t\t\t\t<\/div>\n\t\t","protected":false},"excerpt":{"rendered":"<p>\u00a0 \u00a0 Dans notre\u00a0studio d\u2019Electro Myo Stimulation (EMS) \u00e0 Saint-Di\u00e9, nous\u00a0 faisons appel \u00e0 la technologie\u00a0Miha Bodytec\u00a0pour stimuler tous vos muscles en profondeur.\u00a0 En effectuant une\u00a0s\u00e9ance d\u2019\u00e9lectrostimulation de 20 minutes, c\u2019est comme si vous effectuez 4 heures de sport !\u00a0 Un\u00a0coach sportif certifi\u00e9 et form\u00e9 \u00e0 l\u2019EMS\u00a0vous accompagnera pour vous aider \u00e0 atteindre vos objectifs. <\/p>\n<div class=\"read-more-text\"><a href=\"https:\/\/polesantesaintdie.fr\/?page_id=1390\" class=\"readmore\">read more<\/a><\/div>\n","protected":false},"author":1,"featured_media":0,"parent":0,"menu_order":0,"comment_status":"closed","ping_status":"closed","template":"","meta":[],"yoast_head":"<!-- This site is optimized with the Yoast SEO plugin v15.8 - https:\/\/yoast.com\/wordpress\/plugins\/seo\/ -->\n<title>Electrostimulation -<\/title>\n<meta name=\"robots\" content=\"index, follow, max-snippet:-1, max-image-preview:large, max-video-preview:-1\" \/>\n<link rel=\"canonical\" href=\"https:\/\/polesantesaintdie.fr\/?page_id=1390\" \/>\n<meta property=\"og:locale\" content=\"fr_FR\" \/>\n<meta property=\"og:type\" content=\"article\" \/>\n<meta property=\"og:title\" content=\"Electrostimulation -\" \/>\n<meta property=\"og:description\" content=\"\u00a0 \u00a0 Dans notre\u00a0studio d\u2019Electro Myo Stimulation (EMS) \u00e0 Saint-Di\u00e9, nous\u00a0 faisons appel \u00e0 la technologie\u00a0Miha Bodytec\u00a0pour stimuler tous vos muscles en profondeur.\u00a0 En effectuant une\u00a0s\u00e9ance d\u2019\u00e9lectrostimulation de 20 minutes, c\u2019est comme si vous effectuez 4 heures de sport !\u00a0 Un\u00a0coach sportif certifi\u00e9 et form\u00e9 \u00e0 l\u2019EMS\u00a0vous accompagnera pour vous aider \u00e0 atteindre vos objectifs. read more\" \/>\n<meta property=\"og:url\" content=\"https:\/\/polesantesaintdie.fr\/?page_id=1390\" \/>\n<meta property=\"article:publisher\" content=\"https:\/\/www.facebook.com\/pages\/category\/Health-Beauty\/P%c3%b4le-sant%c3%a9-et-bien-%c3%aatre-Saint-Di%c3%a9-des-Vosges-101476071573629\/\" \/>\n<meta property=\"article:modified_time\" content=\"2026-04-09T19:44:37+00:00\" \/>\n<meta property=\"og:image\" content=\"https:\/\/polesantesaintdie.fr\/wp-content\/uploads\/2022\/08\/studio.jpg\" \/>\n<meta name=\"twitter:card\" content=\"summary_large_image\" \/>\n<meta name=\"twitter:label1\" content=\"Dur\u00e9e de lecture est.\">\n\t<meta name=\"twitter:data1\" content=\"2 minutes\">\n<script type=\"application\/ld+json\" class=\"yoast-schema-graph\">{\"@context\":\"https:\/\/schema.org\",\"@graph\":[{\"@type\":\"Organization\",\"@id\":\"https:\/\/polesantesaintdie.fr\/#organization\",\"name\":\"Le p\\u00f4le Sant\\u00e9 & Bien-\\u00eatre de Saint-Di\\u00e9\",\"url\":\"https:\/\/polesantesaintdie.fr\/\",\"sameAs\":[\"https:\/\/www.facebook.com\/pages\/category\/Health-Beauty\/P\\u00f4le-sant\\u00e9-et-bien-\\u00eatre-Saint-Di\\u00e9-des-Vosges-101476071573629\/\"],\"logo\":{\"@type\":\"ImageObject\",\"@id\":\"https:\/\/polesantesaintdie.fr\/#logo\",\"inLanguage\":\"fr-FR\",\"url\":\"https:\/\/polesantesaintdie.fr\/wp-content\/uploads\/2020\/11\/logo-1.png\",\"width\":329,\"height\":218,\"caption\":\"Le p\\u00f4le Sant\\u00e9 & Bien-\\u00eatre de Saint-Di\\u00e9\"},\"image\":{\"@id\":\"https:\/\/polesantesaintdie.fr\/#logo\"}},{\"@type\":\"WebSite\",\"@id\":\"https:\/\/polesantesaintdie.fr\/#website\",\"url\":\"https:\/\/polesantesaintdie.fr\/\",\"name\":\"\",\"description\":\"Le p\\u00f4le Sant\\u00e9 &amp; Bien-\\u00eatre de Saint-Di\\u00e9\",\"publisher\":{\"@id\":\"https:\/\/polesantesaintdie.fr\/#organization\"},\"potentialAction\":[{\"@type\":\"SearchAction\",\"target\":\"https:\/\/polesantesaintdie.fr\/?s={search_term_string}\",\"query-input\":\"required name=search_term_string\"}],\"inLanguage\":\"fr-FR\"},{\"@type\":\"ImageObject\",\"@id\":\"https:\/\/polesantesaintdie.fr\/?page_id=1390#primaryimage\",\"inLanguage\":\"fr-FR\",\"url\":\"https:\/\/polesantesaintdie.fr\/wp-content\/uploads\/2022\/08\/studio.jpg\",\"width\":300,\"height\":425,\"caption\":\"Le Studio by Cryop\\u00f4le Saint-Di\\u00e9\"},{\"@type\":\"WebPage\",\"@id\":\"https:\/\/polesantesaintdie.fr\/?page_id=1390#webpage\",\"url\":\"https:\/\/polesantesaintdie.fr\/?page_id=1390\",\"name\":\"Electrostimulation -\",\"isPartOf\":{\"@id\":\"https:\/\/polesantesaintdie.fr\/#website\"},\"primaryImageOfPage\":{\"@id\":\"https:\/\/polesantesaintdie.fr\/?page_id=1390#primaryimage\"},\"datePublished\":\"2022-08-01T10:27:42+00:00\",\"dateModified\":\"2026-04-09T19:44:37+00:00\",\"breadcrumb\":{\"@id\":\"https:\/\/polesantesaintdie.fr\/?page_id=1390#breadcrumb\"},\"inLanguage\":\"fr-FR\",\"potentialAction\":[{\"@type\":\"ReadAction\",\"target\":[\"https:\/\/polesantesaintdie.fr\/?page_id=1390\"]}]},{\"@type\":\"BreadcrumbList\",\"@id\":\"https:\/\/polesantesaintdie.fr\/?page_id=1390#breadcrumb\",\"itemListElement\":[{\"@type\":\"ListItem\",\"position\":1,\"item\":{\"@type\":\"WebPage\",\"@id\":\"https:\/\/polesantesaintdie.fr\/\",\"url\":\"https:\/\/polesantesaintdie.fr\/\",\"name\":\"Accueil\"}},{\"@type\":\"ListItem\",\"position\":2,\"item\":{\"@type\":\"WebPage\",\"@id\":\"https:\/\/polesantesaintdie.fr\/?page_id=1390\",\"url\":\"https:\/\/polesantesaintdie.fr\/?page_id=1390\",\"name\":\"Electrostimulation\"}}]}]}<\/script>\n<!-- \/ Yoast SEO plugin. -->","_links":{"self":[{"href":"https:\/\/polesantesaintdie.fr\/index.php?rest_route=\/wp\/v2\/pages\/1390"}],"collection":[{"href":"https:\/\/polesantesaintdie.fr\/index.php?rest_route=\/wp\/v2\/pages"}],"about":[{"href":"https:\/\/polesantesaintdie.fr\/index.php?rest_route=\/wp\/v2\/types\/page"}],"author":[{"embeddable":true,"href":"https:\/\/polesantesaintdie.fr\/index.php?rest_route=\/wp\/v2\/users\/1"}],"replies":[{"embeddable":true,"href":"https:\/\/polesantesaintdie.fr\/index.php?rest_route=%2Fwp%2Fv2%2Fcomments&post=1390"}],"version-history":[{"count":36,"href":"https:\/\/polesantesaintdie.fr\/index.php?rest_route=\/wp\/v2\/pages\/1390\/revisions"}],"predecessor-version":[{"id":1749,"href":"https:\/\/polesantesaintdie.fr\/index.php?rest_route=\/wp\/v2\/pages\/1390\/revisions\/1749"}],"wp:attachment":[{"href":"https:\/\/polesantesaintdie.fr\/index.php?rest_route=%2Fwp%2Fv2%2Fmedia&parent=1390"}],"curies":[{"name":"wp","href":"https:\/\/api.w.org\/{rel}","templated":true}]}}