{"id":1071,"date":"2021-05-05T20:48:20","date_gmt":"2021-05-05T18:48:20","guid":{"rendered":"https:\/\/polesantesaintdie.fr\/?page_id=1071"},"modified":"2021-05-05T22:12:42","modified_gmt":"2021-05-05T20:12:42","slug":"louviot-nicolas","status":"publish","type":"page","link":"https:\/\/polesantesaintdie.fr\/?page_id=1071","title":{"rendered":"LOUVIOT Nicolas"},"content":{"rendered":"\t\t<div data-elementor-type=\"wp-page\" data-elementor-id=\"1071\" class=\"elementor elementor-1071\">\n\t\t\t\t\t\t<div class=\"elementor-inner\">\n\t\t\t\t<div class=\"elementor-section-wrap\">\n\t\t\t\t\t\t\t\t\t<section class=\"elementor-section elementor-top-section elementor-element elementor-element-aea5cde elementor-section-boxed elementor-section-height-default elementor-section-height-default\" data-id=\"aea5cde\" data-element_type=\"section\">\n\t\t\t\t\t\t<div class=\"elementor-container elementor-column-gap-default\">\n\t\t\t\t\t\t\t<div class=\"elementor-row\">\n\t\t\t\t\t<div class=\"elementor-column elementor-col-100 elementor-top-column elementor-element elementor-element-8f92915\" data-id=\"8f92915\" data-element_type=\"column\">\n\t\t\t<div class=\"elementor-column-wrap elementor-element-populated\">\n\t\t\t\t\t\t\t<div class=\"elementor-widget-wrap\">\n\t\t\t\t\t\t<section class=\"elementor-section elementor-inner-section elementor-element elementor-element-1075b27 elementor-section-boxed elementor-section-height-default elementor-section-height-default\" data-id=\"1075b27\" data-element_type=\"section\">\n\t\t\t\t\t\t<div class=\"elementor-container elementor-column-gap-default\">\n\t\t\t\t\t\t\t<div class=\"elementor-row\">\n\t\t\t\t\t<div class=\"elementor-column elementor-col-50 elementor-inner-column elementor-element elementor-element-39d9d40\" data-id=\"39d9d40\" data-element_type=\"column\">\n\t\t\t<div class=\"elementor-column-wrap elementor-element-populated\">\n\t\t\t\t\t\t\t<div class=\"elementor-widget-wrap\">\n\t\t\t\t\t\t<div class=\"elementor-element elementor-element-8fd9940 elementor-widget elementor-widget-image\" data-id=\"8fd9940\" data-element_type=\"widget\" data-widget_type=\"image.default\">\n\t\t\t\t<div class=\"elementor-widget-container\">\n\t\t\t\t\t\t\t\t<div class=\"elementor-image\">\n\t\t\t\t\t\t\t\t\t\t\t\t<img width=\"300\" height=\"288\" src=\"https:\/\/polesantesaintdie.fr\/wp-content\/uploads\/2021\/05\/Nicolas-300x288.jpg\" class=\"attachment-medium size-medium wp-image-1095\" alt=\"\" loading=\"lazy\" srcset=\"https:\/\/polesantesaintdie.fr\/wp-content\/uploads\/2021\/05\/Nicolas-300x288.jpg 300w, https:\/\/polesantesaintdie.fr\/wp-content\/uploads\/2021\/05\/Nicolas-1024x982.jpg 1024w, https:\/\/polesantesaintdie.fr\/wp-content\/uploads\/2021\/05\/Nicolas-768x737.jpg 768w, https:\/\/polesantesaintdie.fr\/wp-content\/uploads\/2021\/05\/Nicolas.jpg 1080w\" sizes=\"(max-width: 300px) 100vw, 300px\" \/>\t\t\t\t\t\t\t\t\t\t\t\t\t\t<\/div>\n\t\t\t\t\t\t<\/div>\n\t\t\t\t<\/div>\n\t\t\t\t\t\t<\/div>\n\t\t\t\t\t<\/div>\n\t\t<\/div>\n\t\t\t\t<div class=\"elementor-column elementor-col-50 elementor-inner-column elementor-element elementor-element-85b9375\" data-id=\"85b9375\" data-element_type=\"column\">\n\t\t\t<div class=\"elementor-column-wrap elementor-element-populated\">\n\t\t\t\t\t\t\t<div class=\"elementor-widget-wrap\">\n\t\t\t\t\t\t<div class=\"elementor-element elementor-element-0d80b76 elementor-widget elementor-widget-text-editor\" data-id=\"0d80b76\" data-element_type=\"widget\" data-widget_type=\"text-editor.default\">\n\t\t\t\t<div class=\"elementor-widget-container\">\n\t\t\t\t\t\t\t\t<div class=\"elementor-text-editor elementor-clearfix\">\n\t\t\t\t<div>Dipl\u00f4m\u00e9 d\u2019une licence STAPS Entrainement Sportif option Football, d\u2019un Brevet de Moniteur de Football. (Certificat de Pr\u00e9paration Athl\u00e9tique en cours).<\/div><div>Depuis 7 ans je suis dans le milieu du football. Je suis pass\u00e9 par toutes les cat\u00e9gories d\u2019\u00e2ges, de 5 ans aux s\u00e9niors (hommes et femmes) d\u2019\u00e9ducateur d\u2019une \u00e9quipe \u00e0 responsable de section et pr\u00e9parateur athl\u00e9tique pour des \u00e9quipes de haut niveau r\u00e9gional.<\/div><div>Mon travail s\u2019articule autour de diff\u00e9rents axes :<\/div><div><span style=\"color: var( --e-global-color-text ); font-family: var( --e-global-typography-text-font-family ), Sans-serif; font-weight: var( --e-global-typography-text-font-weight );\">\u2022 Technique<\/span><\/div><div>\u2022 Tactique<\/div><div>\u2022 Psychologique\u00a0<br \/>\u2022 Physique<br \/><span style=\"color: var( --e-global-color-text ); font-family: var( --e-global-typography-text-font-family ), Sans-serif; font-weight: var( --e-global-typography-text-font-weight );\">\u2022 Th\u00e9orique<\/span><\/div>\t\t\t\t\t<\/div>\n\t\t\t\t\t\t<\/div>\n\t\t\t\t<\/div>\n\t\t\t\t\t\t<\/div>\n\t\t\t\t\t<\/div>\n\t\t<\/div>\n\t\t\t\t\t\t\t\t<\/div>\n\t\t\t\t\t<\/div>\n\t\t<\/section>\n\t\t\t\t<div class=\"elementor-element elementor-element-ce85610 elementor-widget elementor-widget-text-editor\" data-id=\"ce85610\" data-element_type=\"widget\" data-widget_type=\"text-editor.default\">\n\t\t\t\t<div class=\"elementor-widget-container\">\n\t\t\t\t\t\t\t\t<div class=\"elementor-text-editor elementor-clearfix\">\n\t\t\t\t<div>Toutes les s\u00e9ances sont adapt\u00e9es \u00e0 l\u2019\u00e2ge (biologique) mais aussi en fonction de l\u2019\u00e2ge d\u2019entrainement (et d\u2019autres facteurs).<\/div><div>Je propose des s\u00e9ances individuelles ou en groupes de 5 maximum pour vous aider \u00e0 d\u00e9finir et atteindre des objectifs.<\/div><div>Parall\u00e8lement je travaille sur d\u2019autres objectifs : pertes de poids, r\u00e9\u00e9quilibrage musculaire, renforcement, pr\u00e9paration pour un \u00e9v\u00e9nement, compl\u00e9ment de vos s\u00e9ances club etc&#8230;<\/div><div>Chaque personne est unique, chaque corps \u00e0 son histoire, nous \u00e9tablirons ensemble un programme adapt\u00e9 (bas\u00e9 sur des tests) et s\u00e9curisant (avec un calcul de l\u2019indice de charge une planification de cycle). L\u2019objectif \u00e9tant que nos s\u00e9ances puissent vous servir dans votre vie de tous les jours et vous permettent de vous \u00e9panouir (sportivement et \u00e9motionnellement).<\/div><p>\u00a0<\/p><div>J\u2019ai h\u00e2te de travailler dans ce p\u00f4le en synergie avec les autres acteurs du p\u00f4le pour vous.<\/div>\t\t\t\t\t<\/div>\n\t\t\t\t\t\t<\/div>\n\t\t\t\t<\/div>\n\t\t\t\t<div class=\"elementor-element elementor-element-4799a4c elementor-widget elementor-widget-image\" data-id=\"4799a4c\" data-element_type=\"widget\" data-widget_type=\"image.default\">\n\t\t\t\t<div class=\"elementor-widget-container\">\n\t\t\t\t\t\t\t\t<div class=\"elementor-image\">\n\t\t\t\t\t\t\t\t\t\t\t\t<img width=\"640\" height=\"853\" src=\"https:\/\/polesantesaintdie.fr\/wp-content\/uploads\/2021\/05\/Nicolas_plus-768x1024.jpg\" class=\"attachment-medium_large size-medium_large wp-image-1093\" alt=\"\" loading=\"lazy\" srcset=\"https:\/\/polesantesaintdie.fr\/wp-content\/uploads\/2021\/05\/Nicolas_plus-768x1024.jpg 768w, https:\/\/polesantesaintdie.fr\/wp-content\/uploads\/2021\/05\/Nicolas_plus-225x300.jpg 225w, https:\/\/polesantesaintdie.fr\/wp-content\/uploads\/2021\/05\/Nicolas_plus.jpg 960w\" sizes=\"(max-width: 640px) 100vw, 640px\" \/>\t\t\t\t\t\t\t\t\t\t\t\t\t\t<\/div>\n\t\t\t\t\t\t<\/div>\n\t\t\t\t<\/div>\n\t\t\t\t<div class=\"elementor-element elementor-element-0a952c5 elementor-widget elementor-widget-text-editor\" data-id=\"0a952c5\" data-element_type=\"widget\" data-widget_type=\"text-editor.default\">\n\t\t\t\t<div class=\"elementor-widget-container\">\n\t\t\t\t\t\t\t\t<div class=\"elementor-text-editor elementor-clearfix\">\n\t\t\t\t<p style=\"border: #c1c1c1 1px solid; text-align: center; font-size: 30px; margin-bottom: 2px;\">Contact<\/p>\n<p style=\"border: #c1c1c1 1px solid; text-align: center; font-size: 16px; padding: 20px;\">Pour toute question ou prise de RDV, n\u2019h\u00e9sitez pas \u00e0 me contacter au 06.29.91.45.80<br ><br >\n<a target=\"_blank\" rel=\"nofollow noopener\" href=\"https:\/\/www.facebook.com\/Nico-Pr%C3%A9pAthletique-P%C3%B4le-sant%C3%A9-et-bien-%C3%AAtre-Saint-Di%C3%A9-Des-Vosges-101462182080261\/\">\n\t\t<img src=\"https:\/\/polesantesaintdie.fr\/wp-content\/uploads\/2020\/12\/facebook.png\" width=\"30px\" \/>\n\t\t&nbsp;&nbsp;&nbsp;<span style=\"font-size:14px\">Retrouvez moi sur Facebook<\/span>\n\t<\/a>\n<\/p>\n\n\n<p style=\"border: #c1c1c1 1px solid; text-align: center; font-size: 30px; margin-bottom: 2px;\">Tarif<\/p>\n<p style=\"border: #c1c1c1 1px solid; text-align: center; font-size: 16px; padding: 20px;\">\n\t27,50 \u20ac la s\u00e9ance<br \/>\n\tPour les tarifs en ext\u00e9rieur et en groupe, contactez-moi directement par Facebook ou par t\u00e9l\u00e9phone\n\t<\/p>\t\t\t\t\t<\/div>\n\t\t\t\t\t\t<\/div>\n\t\t\t\t<\/div>\n\t\t\t\t\t\t<\/div>\n\t\t\t\t\t<\/div>\n\t\t<\/div>\n\t\t\t\t\t\t\t\t<\/div>\n\t\t\t\t\t<\/div>\n\t\t<\/section>\n\t\t\t\t\t\t\t\t\t<\/div>\n\t\t\t<\/div>\n\t\t\t\t\t<\/div>\n\t\t","protected":false},"excerpt":{"rendered":"<p>Dipl\u00f4m\u00e9 d\u2019une licence STAPS Entrainement Sportif option Football, d\u2019un Brevet de Moniteur de Football. (Certificat de Pr\u00e9paration Athl\u00e9tique en cours).Depuis 7 ans je suis dans le milieu du football. Je suis pass\u00e9 par toutes les cat\u00e9gories d\u2019\u00e2ges, de 5 ans aux s\u00e9niors (hommes et femmes) d\u2019\u00e9ducateur d\u2019une \u00e9quipe \u00e0 responsable de section et pr\u00e9parateur athl\u00e9tique <\/p>\n<div class=\"read-more-text\"><a href=\"https:\/\/polesantesaintdie.fr\/?page_id=1071\" class=\"readmore\">read more<\/a><\/div>\n","protected":false},"author":1,"featured_media":0,"parent":0,"menu_order":0,"comment_status":"closed","ping_status":"closed","template":"","meta":[],"yoast_head":"<!-- This site is optimized with the Yoast SEO plugin v15.8 - https:\/\/yoast.com\/wordpress\/plugins\/seo\/ -->\n<title>LOUVIOT Nicolas -<\/title>\n<meta name=\"robots\" content=\"index, follow, max-snippet:-1, max-image-preview:large, max-video-preview:-1\" \/>\n<link rel=\"canonical\" href=\"https:\/\/polesantesaintdie.fr\/?page_id=1071\" \/>\n<meta property=\"og:locale\" content=\"fr_FR\" \/>\n<meta property=\"og:type\" content=\"article\" \/>\n<meta property=\"og:title\" content=\"LOUVIOT Nicolas -\" \/>\n<meta property=\"og:description\" content=\"Dipl\u00f4m\u00e9 d\u2019une licence STAPS Entrainement Sportif option Football, d\u2019un Brevet de Moniteur de Football. (Certificat de Pr\u00e9paration Athl\u00e9tique en cours).Depuis 7 ans je suis dans le milieu du football. Je suis pass\u00e9 par toutes les cat\u00e9gories d\u2019\u00e2ges, de 5 ans aux s\u00e9niors (hommes et femmes) d\u2019\u00e9ducateur d\u2019une \u00e9quipe \u00e0 responsable de section et pr\u00e9parateur athl\u00e9tique read more\" \/>\n<meta property=\"og:url\" content=\"https:\/\/polesantesaintdie.fr\/?page_id=1071\" \/>\n<meta property=\"article:publisher\" content=\"https:\/\/www.facebook.com\/pages\/category\/Health-Beauty\/P%c3%b4le-sant%c3%a9-et-bien-%c3%aatre-Saint-Di%c3%a9-des-Vosges-101476071573629\/\" \/>\n<meta property=\"article:modified_time\" content=\"2021-05-05T20:12:42+00:00\" \/>\n<meta property=\"og:image\" content=\"https:\/\/polesantesaintdie.fr\/wp-content\/uploads\/2021\/05\/Nicolas-300x288.jpg\" \/>\n<meta name=\"twitter:card\" content=\"summary_large_image\" \/>\n<meta name=\"twitter:label1\" content=\"Dur\u00e9e de lecture est.\">\n\t<meta name=\"twitter:data1\" content=\"2 minutes\">\n<script type=\"application\/ld+json\" class=\"yoast-schema-graph\">{\"@context\":\"https:\/\/schema.org\",\"@graph\":[{\"@type\":\"Organization\",\"@id\":\"https:\/\/polesantesaintdie.fr\/#organization\",\"name\":\"Le p\\u00f4le Sant\\u00e9 & Bien-\\u00eatre de Saint-Di\\u00e9\",\"url\":\"https:\/\/polesantesaintdie.fr\/\",\"sameAs\":[\"https:\/\/www.facebook.com\/pages\/category\/Health-Beauty\/P\\u00f4le-sant\\u00e9-et-bien-\\u00eatre-Saint-Di\\u00e9-des-Vosges-101476071573629\/\"],\"logo\":{\"@type\":\"ImageObject\",\"@id\":\"https:\/\/polesantesaintdie.fr\/#logo\",\"inLanguage\":\"fr-FR\",\"url\":\"https:\/\/polesantesaintdie.fr\/wp-content\/uploads\/2020\/11\/logo-1.png\",\"width\":329,\"height\":218,\"caption\":\"Le p\\u00f4le Sant\\u00e9 & Bien-\\u00eatre de Saint-Di\\u00e9\"},\"image\":{\"@id\":\"https:\/\/polesantesaintdie.fr\/#logo\"}},{\"@type\":\"WebSite\",\"@id\":\"https:\/\/polesantesaintdie.fr\/#website\",\"url\":\"https:\/\/polesantesaintdie.fr\/\",\"name\":\"\",\"description\":\"Le p\\u00f4le Sant\\u00e9 &amp; Bien-\\u00eatre de Saint-Di\\u00e9\",\"publisher\":{\"@id\":\"https:\/\/polesantesaintdie.fr\/#organization\"},\"potentialAction\":[{\"@type\":\"SearchAction\",\"target\":\"https:\/\/polesantesaintdie.fr\/?s={search_term_string}\",\"query-input\":\"required name=search_term_string\"}],\"inLanguage\":\"fr-FR\"},{\"@type\":\"ImageObject\",\"@id\":\"https:\/\/polesantesaintdie.fr\/?page_id=1071#primaryimage\",\"inLanguage\":\"fr-FR\",\"url\":\"https:\/\/polesantesaintdie.fr\/wp-content\/uploads\/2021\/05\/Nicolas.jpg\",\"width\":1080,\"height\":1036},{\"@type\":\"WebPage\",\"@id\":\"https:\/\/polesantesaintdie.fr\/?page_id=1071#webpage\",\"url\":\"https:\/\/polesantesaintdie.fr\/?page_id=1071\",\"name\":\"LOUVIOT Nicolas -\",\"isPartOf\":{\"@id\":\"https:\/\/polesantesaintdie.fr\/#website\"},\"primaryImageOfPage\":{\"@id\":\"https:\/\/polesantesaintdie.fr\/?page_id=1071#primaryimage\"},\"datePublished\":\"2021-05-05T18:48:20+00:00\",\"dateModified\":\"2021-05-05T20:12:42+00:00\",\"breadcrumb\":{\"@id\":\"https:\/\/polesantesaintdie.fr\/?page_id=1071#breadcrumb\"},\"inLanguage\":\"fr-FR\",\"potentialAction\":[{\"@type\":\"ReadAction\",\"target\":[\"https:\/\/polesantesaintdie.fr\/?page_id=1071\"]}]},{\"@type\":\"BreadcrumbList\",\"@id\":\"https:\/\/polesantesaintdie.fr\/?page_id=1071#breadcrumb\",\"itemListElement\":[{\"@type\":\"ListItem\",\"position\":1,\"item\":{\"@type\":\"WebPage\",\"@id\":\"https:\/\/polesantesaintdie.fr\/\",\"url\":\"https:\/\/polesantesaintdie.fr\/\",\"name\":\"Accueil\"}},{\"@type\":\"ListItem\",\"position\":2,\"item\":{\"@type\":\"WebPage\",\"@id\":\"https:\/\/polesantesaintdie.fr\/?page_id=1071\",\"url\":\"https:\/\/polesantesaintdie.fr\/?page_id=1071\",\"name\":\"LOUVIOT Nicolas\"}}]}]}<\/script>\n<!-- \/ Yoast SEO plugin. -->","_links":{"self":[{"href":"https:\/\/polesantesaintdie.fr\/index.php?rest_route=\/wp\/v2\/pages\/1071"}],"collection":[{"href":"https:\/\/polesantesaintdie.fr\/index.php?rest_route=\/wp\/v2\/pages"}],"about":[{"href":"https:\/\/polesantesaintdie.fr\/index.php?rest_route=\/wp\/v2\/types\/page"}],"author":[{"embeddable":true,"href":"https:\/\/polesantesaintdie.fr\/index.php?rest_route=\/wp\/v2\/users\/1"}],"replies":[{"embeddable":true,"href":"https:\/\/polesantesaintdie.fr\/index.php?rest_route=%2Fwp%2Fv2%2Fcomments&post=1071"}],"version-history":[{"count":37,"href":"https:\/\/polesantesaintdie.fr\/index.php?rest_route=\/wp\/v2\/pages\/1071\/revisions"}],"predecessor-version":[{"id":1130,"href":"https:\/\/polesantesaintdie.fr\/index.php?rest_route=\/wp\/v2\/pages\/1071\/revisions\/1130"}],"wp:attachment":[{"href":"https:\/\/polesantesaintdie.fr\/index.php?rest_route=%2Fwp%2Fv2%2Fmedia&parent=1071"}],"curies":[{"name":"wp","href":"https:\/\/api.w.org\/{rel}","templated":true}]}}